e -5*r - 3*y - 31 = 0, 9*y - 6*y - h = -r. Let o(b) = -b**3 - 8*b**2 - b - 7. Calculate o(r).
1
Let d be 765/6 - (0 - 2/4). Let a = -124 + d. Suppose -a*m = m - 45. Let u(s) = s**2 - 9*s + 10. Give u(m).
10
Let t(c) = c**2 + 10*c - 4. Let v be (4 + 154/(-35))/((-1)/(-6640)). Let g be (-2)/(-9) + v/288. What is t(g)?
-13
Let c(n) be the second derivative of n**4/12 - 13*n**3/6 + 13*n**2/2 + 4*n - 13. Let o = 99 + -89. Give c(o).
-17
Let b(h) = -h + 3. Let z = 110 + -108. Let m be b(z). Let s(j) = -4*j**3 + 2*j - 1. Give s(m).
-3
Let w(j) = -69*j + 1. Let p(x) = 335*x + 159. Let k(i) = p(i) + 5*w(i). Give k(16).
4
Let y(b) = 6*b - 79. Suppose 0 = -80*k + 1036 - 156. Determine y(k).
-13
Let c be (5/(-15))/(1/(-15)). Let b(i) = -4*i**2 + 0*i - 5*i**3 + 17*i**3 + 12*i**3 + 3 - 23*i**3 - 2*i. Determine b(c).
18
Let q = -32979 - -32977. Let g(v) = -5 + 0*v - 3*v + 0*v - v. Give g(q).
3
Let p(q) = q**2 - 2*q - 41. Let n be 32/(-6)*(-738)/(-656). What is p(n)?
7
Let g(w) be the second derivative of 1/20*w**5 + 3/2*w**2 - 5/12*w**4 - 3*w - 2/3*w**3 + 10. Determine g(6).
15
Let p = -1724 + 3449/2. Let u(j) be the first derivative of -p*j**2 + 13 - j**3 + 2*j. Calculate u(2).
-12
Let w = 10 - 15. Let l(n) be the second derivative of -n**4/12 - 5*n**3/6 + 2*n**2 + 6*n - 875. Calculate l(w).
4
Suppose 5*t + 778 = -277. Let g = -209 - t. Let l(s) = -2*s**2 - 8*s - 11. Let k(c) = c**2 + 3*c + 4. Let z(q) = 8*k(q) + 3*l(q). Determine z(g).
7
Let t = 2187 - 2202. Let d(v) = -12*v - 193. Give d(t).
-13
Let b(d) = -14*d - 1. Suppose -2*a + 0*f + 23 = -5*f, a - 10 = f. Let x = -11 + 11. Suppose 3*v = 3*t - 9, -v - 5*t + 0*t + a = x. Determine b(v).
13
Suppose -5*x - 10 = -5*h, 606 = -2*h - 5*x + 617. Let z(c) = 0*c**3 + 3*c - 4*c**3 + 5*c**3 - 6*c**2 + 4. Give z(h).
-14
Let m(c) = -6*c**2 - 54*c - 34. Let w be m(-10). Let r = -96 - w. Let t(u) = 2*u**3 + 2*u**2 + u + 1. Give t(r).
-9
Let b = 1077 + -1078. Let l(j) be the third derivative of 0*j + 0 + 1/6*j**3 + j**2 + 13/60*j**5 + 0*j**4. Determine l(b).
14
Let d(u) = u**3 - 2*u**2 + 1. Let c(r) = r**2 + 9*r + 2. Let a be c(-9). Suppose -a*t + 4 = -4. Let w(o) = 3*o - 10. Let x be w(t). Give d(x).
1
Let o(h) = -h**3 - 5*h**2 + 36*h - 5. Suppose 0 = z - i + 6, -17*z = -13*z - 2*i + 30. Determine o(z).
-5
Let v = -70552/3 + 23518. Let c(t) be the third derivative of 0 - 34*t**2 + 1/6*t**4 + 0*t + v*t**3. Determine c(-7).
-24
Let d be 1 + ((-70)/(-63) - (-3)/(-27)). Let b(i) = -14*i + i + i**2 - 4*i**2 + 3*i**2 - i**d. Determine b(-11).
22
Suppose -16*t - 5878 = -5974. Let n(y) = y**3 - 7*y**2 + 2*y - 3. What is n(t)?
-27
Let h be (2*-1)/(19/(-114)). Suppose 0 = -h*x + 8*x - 8. Let f(c) be the first derivative of -c**4/4 - c**3 - 2*c**2 - 3*c + 2. What is f(x)?
1
Let l be 88/72 - (-768)/432. Let r(x) = 2*x**3 + 3*x**2 + x - 1. Let t(w) = -5*w**3 - 6*w**2 - w + 1. Let m(i) = -7*r(i) - 3*t(i). What is m(l)?
-8
Let z(u) = u**3 - 12*u**2 - 7*u + 89. Let f be z(12). Let g(y) = -7*y - 4 + y + f*y + 7*y. Give g(3).
14
Let j(x) = 5*x**3 - 42*x**2 + x + 16. Let i(p) = -4*p**3 + 36*p**2 - 14. Let v(w) = 6*i(w) + 5*j(w). Give v(-3).
8
Let t be ((-18)/(-15))/((-4)/(-20)). Suppose 8 = 2*c + 4*u, 0 = 8*c - t*c + 2*u - 10. Let x(m) = m**2 - 8*m + 7. Determine x(c).
-5
Let h be 15 + 14/7 + 3. Suppose 10*i = h*i. Let m(j) = -j**3 - j**2 - 34. Calculate m(i).
-34
Let o(i) = 2*i**3 - i**2 + 2*i. Let m(p) = 5*p**3 + p**2 + 10*p + 1. Let q(h) = -m(h) + 3*o(h). Calculate q(4).
-17
Let c(b) = -b**2 + 7*b - 15. Suppose -406 = 34*j + 40*j - 628. Give c(j).
-3
Let q = 3 - 8. Let o(g) = -4*g**3 - 8*g**2 - g - 7. Let n(u) = -5*u - 3*u**3 - 12*u**2 - 6 + 6*u + 5*u**2 - 2*u. Let f(y) = -3*n(y) + 2*o(y). What is f(q)?
-1
Let h(t) = -43*t + 5*t**3 + 20*t - 4*t**3 + 31 + 9*t + 12*t**2 - 2*t**3. Calculate h(11).
-2
Let t(q) be the third derivative of -q**6/120 + q**5/10 + 13*q**4/24 - q**3/3 + 9127*q**2. What is t(8)?
-26
Suppose 728 - 688 = 10*l. Let z(b) = 1234*b**3 - b - l*b**2 - 1235*b**3 + 9*b**2 - 1. Calculate z(2).
9
Let l(t) = -25*t + 9. Let z(y) = 31*y - 11. Let d(g) = -4*l(g) - 3*z(g). Suppose 3 = 3*h - 3. What is d(h)?
11
Let i(w) = -15*w + 3. Let r(y) = 22*y - 4. Let x(t) = -7*i(t) - 4*r(t). Determine x(1).
12
Let o(l) = 25*l**3 - 24*l**3 + 11*l**2 - 1014 + 3*l + 1043 - 42*l. Determine o(-14).
-13
Suppose -40*z - z = 3*z + 1276. Let u(j) = 2*j**3 + 59*j**2 + 28*j - 26. Calculate u(z).
3
Let j(a) = a**2 - 8*a - 1. Let r be -105 - 21/(8 - 11). Let s = r + 106. Give j(s).
-1
Suppose -3*d - 2*a = -8, 7*a + 7 = 8*a. Let g(q) = q**3 + q**2 + 4*q + 2. Give g(d).
-10
Suppose 0 = z - 3*i + 6, -2*i - 11 = 2*z + 1. Let a(q) = 15*q + 57. Calculate a(z).
-33
Let p(g) = g**3 - 7*g**2 + 6*g + 6. Let t be 10/(-8) + (-9)/12. Let i be t/1*(-5 + 3/2). Let q(f) = f**3 - 7*f**2 + 2*f - 9. Let y be q(i). Give p(y).
-14
Let c(k) = 2*k**2 + 70*k + 7. Let q(a) = -4*a**2 - 51*a - 5. Let o(w) = -6*c(w) - 7*q(w). What is o(4)?
-3
Let l = -3 - -1. Let k = 265 - 262. Let z(f) = -k*f**3 + f - 2 - 5*f**3 + 3 + 7*f**3 - 2*f**2. Give z(l).
-1
Let c be 1/((-10)/2) - 174/30. Let a(m) = 5*m - 9. Let d(h) = 4*h - 8. Let j(u) = -5*a(u) + 6*d(u). Give j(c).
3
Let i(x) = 2*x**3 + 13*x**2 - 10*x - 17. Let w be i(-7). Suppose -14 = -5*c + 3*d, -7*c + w*c = 3*d + 6. Let f(o) = -9*o + 3 + 3 - 5. Give f(c).
-8
Suppose -47*d + 101*d + 100 = 79*d. Let j(h) = 6*h**2 - 21. Give j(d).
75
Let g(c) = 1 - 7*c + 3*c + 3 - 16. Let j(q) = 3*q**3 + 35*q**2 - 9*q + 28. Let w be j(-12). Calculate g(w).
20
Let g(m) = m**3 - m**2 + 34*m - 9. Let y(f) = -f**3 - f**2 - 32*f + 9. Let k(l) = 6*g(l) + 7*y(l). Give k(-11).
-13
Let f(h) = -h**3 + 8*h**2 - 6*h + 16. Suppose 0 = -81*l + 518 + 49. What is f(l)?
23
Let b(u) = -u**2 - 9*u - 10. Suppose 0 = -5*s + 5*m - 35, 8*m - 24 = 4*s + 5*m. What is b(s)?
8
Suppose 0 = -18*m - 20 + 92. Let w(o) = -7*o**2 - 7*o - 11. Let h(k) = -15*k**2 - 15*k - 24. Let q(j) = -6*h(j) + 13*w(j). Calculate q(m).
-19
Let l(j) be the first derivative of -j**6/360 - j**5/15 - 11*j**4/24 + j**3 - 99. Let c(f) be the third derivative of l(f). Calculate c(-9).
-20
Let c(a) = 12*a**2 + 131*a + 17. Let j be c(-9). Let v = j + 192. Let l(z) = -z - 2 - 2*z**2 + 2. Give l(v).
-10
Let z(x) be the third derivative of -5*x**2 - 1/10*x**5 - 1/6*x**4 + 2 + 0*x - 1/120*x**6 + 1/3*x**3. Suppose -3*n - 10 = -n. What is z(n)?
-3
Let a(c) be the second derivative of -c**4/12 + 2*c**3/3 + 30*c**2 + c + 1. Let q be a(10). Let y(i) = i**2 + i + 17. What is y(q)?
17
Let q(v) = v + 5. Suppose -2*x = -3*d + 3*x + 68, -28 = -2*d - x. Let b(f) = -16*f + 219. Let n be b(13). Let w = d - n. Determine q(w).
10
Let x(v) = -10*v + 46. Let f(h) = -5*h - 1. Let t(u) = -3*f(u) + x(u). Calculate t(-11).
-6
Let a(s) = s**3 + 6*s**2 - s + 3. Suppose 4*o - 3*l - 1 = 10, 0 = 5*o - 3*l - 13. Suppose -x - 8 = z, -4*z + 3*x = -o*x + 14. Give a(z).
9
Suppose 2*u - 299 = -w, 0*w = 2*u - 5*w - 281. Let j(v) = -299 + u + v + 164. Give j(-15).
-2
Let d(h) = -2*h + 1 - 74*h**2 + 81*h**2 + h**3 + 9*h. Let y be d(-6). Let z(k) = 5*k - 6. Give z(y).
-31
Let c(q) = q**3 + 6*q**2 + 4*q + 5. Let a = -144 - -146. Suppose -13*o = -k - 18*o + 20, 5*o - 35 = a*k. Calculate c(k).
10
Let s(f) be the third derivative of f**5/60 + f**4/3 - 14*f**3/3 - 48*f**2 + 78*f. Give s(-9).
-19
Let n = -146 + 146. Suppose n = 5*g + 10*r - 13*r - 63, -29 = -2*g + 5*r. Let s(o) = o - 15. Give s(g).
-3
Let k(w) be the second derivative of -22*w**3/3 + 42*w**2 - 1835*w. Determine k(2).
-4
Let g = 286 + 137. Let t(x) = g + x - 423 - 5*x**2. Calculate t(-1).
-6
Suppose g + 11 = -3*q, -3*q - 5*g = -3*g + 13. Let c(f) = f**2 - 26*f - 85. Give c(q).
2
Let k(n) be the second derivative of -n**4/12 + 3*n**3/2 + 15*n**2 + 30*n - 4. Calculate k(12).
-6
Suppose 4*t + 84 = -0*t. Let w = 448 - 466. Let a = t - w. Let l(x) = -x**3 - 3*x**2 - x + 3. Calculate l(a).
6
Suppose 0 = 3*d - 15, 0*q + 77 = 3*q + d. Suppose -q*i = -i + 230. Let v(o) = o + 14. Calculate v(i).
4
Let u(p) = -3*p**2 + 12*p + 1. Let m be 0*(-6 - 420/(-72)). Give u(m).
1
Suppose 0 = 133*v - 132*v - 63. Suppose v*c - 64*c = -4. Let r(x) = -x**3 - x**2 - x. Let h(q) = 5*q**3 - 2*q**2 + 10*q. Let o(t) = h(t) + 4*r(t). Give o(c).
-8
Let d = -419 - -670. Suppose -4*r + d + 137 = 0. Let j = r + -93. L